102 a factor of 7802?
False
Is 6670039 a multiple of 194?
False
Does 15 divide 107695?
False
Is 1052352 a multiple of 8?
True
Does 10 divide 156980?
True
Is 15 a factor of 28722300?
True
Is 6 a factor of 1304472?
True
Does 18 divide 1598?
False
Is 3 a factor of 83811?
True
Is 1203240 a multiple of 185?
True
Does 2 divide 233218?
True
Is 321288 a multiple of 66?
True
Is 23 a factor of 130570?
False
Does 6 divide 52028?
False
Does 72 divide 358746?
False
Does 5 divide 6123306?
False
Is 4119825 a multiple of 489?
True
Is 424119 a multiple of 356?
False
Is 299706 a multiple of 209?
True
Is 59 a factor of 364856?
True
Is 397328 a multiple of 19?
True
Is 429 a factor of 2048452?
False
Is 67 a factor of 460567?
False
Does 374 divide 1204280?
True
Is 43435 a multiple of 35?
True
Is 32 a factor of 1275438?
False
Is 33 a factor of 14559006?
True
Is 21 a factor of 430500?
True
Is 12 a factor of 164365?
False
Is 18627 a multiple of 21?
True
Does 113 divide 1113276?
True
Is 55 a factor of 97680?
True
Is 59 a factor of 879789?
False
Does 5 divide 45198?
False
Does 202 divide 190284?
True
Is 632 a factor of 640216?
True
Is 649808 a multiple of 16?
True
Does 225 divide 100514?
False
Does 31 divide 1009019?
True
Is 14053801 a multiple of 12?
False
Is 357126 a multiple of 11?
True
Is 662607 a multiple of 10?
False
Is 5921300 a multiple of 175?
True
Does 329 divide 155599?
False
Is 83 a factor of 78257?
False
Is 184 a factor of 4742736?
False
Is 17 a factor of 1237243?
True
Is 41287 a multiple of 19?
True
Is 83 a factor of 23178?
False
Is 434 a factor of 3313590?
True
Does 10 divide 108580?
True
Does 6 divide 300209?
False
Does 56 divide 1927968?
True
Does 13 divide 4482439?
True
Does 165 divide 178200?
True
Is 124225 a multiple of 371?
False
Is 2629778 a multiple of 46?
False
Is 1252 a factor of 868344?
False
Is 7075 a multiple of 8?
False
Is 330840 a multiple of 45?
True
Is 81 a factor of 136983?
False
Does 24 divide 177877?
False
Does 399 divide 8793162?
True
Does 1463 divide 20962750?
False
Does 23 divide 234646?
True
Is 136160 a multiple of 74?
True
Is 46 a factor of 2083219?
False
Does 31 divide 2721056?
True
Does 157 divide 160605?
False
Is 9 a factor of 3458916?
True
Is 14 a factor of 595457?
False
Is 69 a factor of 1301886?
False
Is 15 a factor of 15559005?
True
Does 42 divide 164976?
True
Is 1482031 a multiple of 1050?
False
Does 8 divide 1033409?
False
Is 48 a factor of 3116400?
True
Is 45 a factor of 147015?
True
Is 13 a factor of 251836?
True
Is 23 a factor of 78338?
True
Does 66 divide 3081546?
False
Does 15 divide 26505?
True
Does 306 divide 1764090?
True
Is 100 a factor of 15978300?
True
Is 17 a factor of 2010675?
True
Is 750 a factor of 507750?
True
Is 20 a factor of 555429?
False
Is 5 a factor of 55940?
True
Is 52764 a multiple of 158?
False
Is 525044 a multiple of 53?
False
Is 164 a factor of 11152?
True
Does 318 divide 8968?
False
Does 33 divide 19816393?
False
Does 9 divide 976095?
True
Is 3 a factor of 4239?
True
Does 66 divide 871398?
True
Is 47 a factor of 297216?
False
Does 787 divide 639044?
True
Is 3252301 a multiple of 62?
False
Is 176994 a multiple of 10?
False
Does 36 divide 2917208?
False
Is 208 a factor of 91138?
False
Is 5775784 a multiple of 68?
True
Does 99 divide 143768?
False
Does 26 divide 566150?
True
Does 7 divide 3931029?
False
Is 1304104 a multiple of 223?
True
Is 1909890 a multiple of 5?
True
Does 609 divide 290184?
False
Is 3228966 a multiple of 78?
True
Does 42 divide 230453?
False
Is 588527 a multiple of 541?
False
Does 90 divide 443603?
False
Is 415043 a multiple of 41?
True
Does 41 divide 2892083?
False
Is 25014 even?
True
Is 60 a factor of 84700?
False
Does 4 divide 93402?
False
Is 39 a factor of 11195?
False
Is 85477 a multiple of 4?
False
Is 317 a factor of 6175?
False
Does 1730 divide 3868280?
True
Does 10 divide 465001?
False
Does 15 divide 276825?
True
Is 2044442 a multiple of 698?
True
Does 12 divide 2734082?
False
Does 23 divide 5437172?
False
Is 441088 a multiple of 64?
True
Does 20 divide 2256?
False
Does 37 divide 825767?
False
Is 978 a factor of 1797799?
False
Does 785 divide 1611395?
False
Is 76057 a multiple of 19?
True
Is 6 a factor of 74640?
True
Is 30 a factor of 2261276?
False
Does 13 divide 9448072?
False
Does 70 divide 6295007?
False
Is 143 a factor of 598344?
False
Is 731952 a multiple of 46?
True
Does 194 divide 3510131?
False
Is 218 a factor of 12237528?
False
Is 286767 a multiple of 19?
True
Is 300 a factor of 396900?
True
Does 35 divide 1235360?
True
Is 28 a factor of 3177132?
True
Is 66 a factor of 60720?
True
Does 1254 divide 1312938?
True
Is 15 a factor of 255624?
False
Does 89 divide 125435?
False
Is 26 a factor of 172614?
True
Is 161 a factor of 88006?
False
Is 74745 a multiple of 5?
True
Is 4 a factor of 4333116?
True
Is 922407 even?
False
Is 349897 a multiple of 31?
True
Is 226758 a multiple of 6?
True
Does 428 divide 12546558?
False
Does 23 divide 521935?
False
Is 577545 a multiple of 182?
False
Does 20 divide 15952260?
True
Does 20 divide 167300?
True
Is 4 a factor of 594604?
True
Is 588732 a multiple of 213?
True
Does 132 divide 1892880?
True
Is 39 a factor of 1035099?
True
Is 12925183 a multiple of 40?
False
Is 1359123 a multiple of 221?
False
Does 513 divide 339895?
False
Does 19 divide 42152?
False
Is 51 a factor of 164963?
False
Is 50018 a multiple of 281?
True
Does 220 divide 581825?
False
Is 98 a factor of 6276429?
False
Is 77 a factor of 16478?
True
Does 15 divide 1804395?
True
Does 122 divide 118454?
False
Does 106 divide 397241?
False
Does 10 divide 911950?
True
Is 101 a factor of 1092284?
False
Is 8 a factor of 900829?
False
Is 99 a factor of 250430?
False
Is 13253226 a multiple of 1281?
True
Is 838608 a multiple of 8?
True
Is 602 a factor of 1783350?
False
Is 250 a factor of 5200000?
True
Is 5739960 a multiple of 93?
True
Is 2697852 a multiple of 7?
False
Does 14 divide 579714?
False
Is 16 a factor of 25856?
True
Is 364 a factor of 725287?
False
Is 7 a factor of 7433510?
True
Is 19 a factor of 207130?
False
Is 21 a factor of 30751?
False
Does 15 divide 217926?
False
Does 764 divide 1569256?
True
Does 13 divide 5564?
True
Does 24 divide 1175760?
True
Is 372345 a multiple of 211?
False
Does 978 divide 2674830?
True
Does 84 divide 76524?
True
Is 1361381 a multiple of 32?
False
Does 41 divide 333956?
False
Does 170 divide 258230?
True
Is 53870 a multiple of 10?
True
Is 534124 a multiple of 4?
True
Is 27 a factor of 196155?
True
Is 7701 a multiple of 12?
False
Is 296 a factor of 1019247?
False
Does 14 divide 913850?
True
Is 22 a factor of 29586?
False
Does 93 divide 137215?
False
Does 182 divide 10415860?
True
Does 17 divide 56274?
False
Does 185 divide 4499049?
False
Is 84500 a multiple of 4?
True
Does 11 divide 9192516?
False
Is 423023 a multiple of 27?
False
Is 1128 a factor of 3753984?
True
Is 45 a factor of 1598085?
True
Does 840 divide 9035713?
False
Does 10 divide 493230?
True
Is 10 a factor of 24769010?
True
Is 20508882 a multiple of 226?
False
Is 242214 a multiple of 18?
False
Is 293 a factor of 8163610?
False
Is 882 a factor of 776861?
False
Is 239 a factor of 229579?
False
Is 2468960 a multiple of 8?
True
Is 163 a factor of 1210927?
True
Does 32 divide 288118?
False
Is 14504400 a multiple of 612?
True
Is 29 a factor of 1046045?
False
Is 525 a factor of 176925?
True
Is 177 a factor of 7959690?
True
Is 689024 a multiple of 14?
True
Is 28 a factor of 915501?
False
Is 206217 a multiple of 9?
True
Is 205 a factor of 1008694?
False
Is 145216 a multiple of 32?
True
Is 20 a factor of 66716?
False
Is 39 a factor of 602121?
True
Is 490194 a multiple of 621?
False
Does 205 divide 349236?
False
Is 46 a factor of 499991?
False
Does 205 divide 57178?
False
Does 17 divide 115362?
True
Is 82 a factor of 1628404?
False
Is 84 a factor of 89124?
True
Does 9 divide 426443?
False
Is 2658771 a multiple of 712?
False
Is 49120 a multiple of 10?
True
Does 146 divide 2033146?
False
Is 2750927 a multiple of 118?
False
Is 15 a factor of 10290?
True
Is 36 a factor of 45288?
True
Is 10 a factor of 1715079?
False
Does 553 divide 2271171?
True
Is 11 a factor of 2983541?
True
Is 256094 a multiple of 9?
False
Is 77210 a multiple of 51?
False
Is 149592 a multiple of 362?
False
Is 11240 a multi